4*y. Let g(w) = 3*w**2 + w + 1. Let b(p) = -9*g(p) - 4*n(p). Give b(5).
15
Let g(w) = w**2 + 172*w**3 + 6*w**2 - 4 - 2*w - 7*w - 2*w**2 - 171*w**3. Calculate g(-6).
14
Let o(a) = a**3 - 5*a**2 - 7*a + 7. Let r = -10 - -28. Suppose 3*u + r = 6*u. Let d be o(u). Let x(z) = 9*z**2 - z. Give x(d).
8
Let f(i) be the first derivative of 1 - 4*i - 1/3*i**3 - 7/2*i**2. Suppose 2*y + 8 - 10 = -u, 1 = 2*u + 3*y. Give f(u).
8
Suppose -131 + 83 = 3*b. Let x(l) = -2*l - 32. What is x(b)?
0
Let h(i) = -i**2 + 6 - 2 - 5*i + 0*i**2 - 1. Let n = 560 - 566. Calculate h(n).
-3
Suppose -12*s = -4*s - 24. Let n(l) be the second derivative of 1/3*l**3 - l - 2*l**2 + 0 + 1/20*l**5 - 1/3*l**4. Give n(s).
-7
Let b(h) = h**3 - 5*h**2 - h + 2. Let o be 37 + -16 - (-8)/(-1). Let l = 0 + 3. Suppose -2*c - l = -o. Give b(c).
-3
Let i = 18 + -13. Suppose -4 = -y - y - 2*b, i*y + 2*b - 10 = 0. Let j = -2 - y. Let u(p) = p + 4. Determine u(j).
0
Let y = 731 - 736. Let r(b) = b**3 + 5*b**2 - 4*b - 9. Calculate r(y).
11
Let y(i) = -190*i - 55. Let a(n) = 7*n + 2. Let v(h) = -110*a(h) - 4*y(h). Suppose 123 = -2*s + 125. Determine v(s).
-10
Let f = 938 + -944. Let d(w) = 2*w - 5. Calculate d(f).
-17
Let z(j) be the third derivative of -j**4/24 - j**3 - 5*j**2 - 2. Calculate z(-4).
-2
Suppose 0 = -2*l - 3*z + 3, -5*z + 7 = -2*l + 34. Let x be (-8)/16 - l/4. Let g(h) = -2*h**3 - 2*h**2 + 2. Give g(x).
10
Let j(h) = 0 + 8 - 4 + h. Let k be (4/(-2))/(4/6). What is j(k)?
1
Let k be -1 + 6/(-4)*2. Let u(b) = 11*b + 1 + 7 - 7 - 15*b**2 + 9. Let w(i) = -7*i**2 + 5*i + 5. Let g(l) = 6*u(l) - 13*w(l). Give g(k).
7
Let t be (4/(-8)*-12)/((-2)/2). Let r(p) be the first derivative of p**4/4 + 2*p**3 + p**2/2 + 4*p - 2. Give r(t).
-2
Let j(b) be the first derivative of 2*b**2 - 4*b + 1/3*b**3 + 44. Give j(-6).
8
Suppose 0 = -2*j + 4*h - 622, 5*j - 5*h + 1261 = -304. Let k be (-1)/(-4) - j/36. Let w(b) = b**3 - 8*b**2 - 10*b + 13. Give w(k).
4
Let s = 7620 + -7624. Let m(t) be the third derivative of t**2 - 1/20*t**5 + 0*t - 1/120*t**6 + 5/6*t**3 + 5/24*t**4 + 0. Calculate m(s).
1
Let v(r) = r. Let z(g) = 7*g + 4. Let c(w) = 6*v(w) - z(w). Let p be 9/(-36)*(-2 - 15 - -5). Give c(p).
-7
Let k be 1*6 + (-7 - -5). Let w(p) = -p**2 + 9. Give w(k).
-7
Let h be 1/(0/(-2) + (-2 - -1)). Let u(l) = -l**2 - l. Let o(a) = 6*a**2 - a + 3. Let v(f) = h*o(f) - 5*u(f). Calculate v(4).
5
Let i(z) = z**3 - 4*z**2 - z + 3. Suppose -4*n - 2*x = 2, -2*n = -3*n + x + 1. Suppose 8*m - 26 + 2 = n. Calculate i(m).
-9
Let h(l) = 2*l**2 + 2*l. Let z = 39 - 41. Let v(k) = k**2 - k - 4. Let d be v(z). Give h(d).
12
Let t(k) = -k**3 - 6*k**2 - 4*k - 22. Let b be t(-6). Let u(p) = -3 + 3*p**b + 0*p**3 + 6*p - p**3 - p. Determine u(4).
1
Let n(x) = -x - 9. Let t = 589 + -594. What is n(t)?
-4
Let c(f) = f**2 + 3 - 4*f**2 + 0 - 7*f + 4*f**2. Let m be c(7). Suppose -m = -2*k - k. Let d(t) = 3*t**2 + 1. What is d(k)?
4
Let k(w) = w**3 - 6*w**2 - 5. Let d = -18 + -7. Let c = d + 31. Determine k(c).
-5
Let u(p) = -2 + p - 3 - 3 + 5. Suppose c - 9 + 12 = 0. Calculate u(c).
-6
Let s(k) = -k**2 - 8*k - 5. Let t be s(-5). Suppose -4*b - 2 = -t. Let c(w) = 2*w - b*w**2 + 4*w - 2 + 0*w. What is c(4)?
-10
Let g(z) = -3*z - 1. Let y(u) = u + 3. Let l(j) = g(j) + 2*y(j). Give l(5).
0
Let t = 38 - 3. Suppose 3*b + 5*g = -t, 4*g + 3 + 13 = 0. Let m(a) = -a**3 - 5*a**2 + 3*a + 6. Calculate m(b).
-9
Let b(s) = -8*s - 3. Let u(r) = -r + 2. Let a(j) = -b(j) + 2*u(j). What is a(-3)?
-11
Let z(p) = -p**2 - 9*p - 9. Suppose -3*g + 4*x = 33, x - 8 = 2*g + 3*x. Give z(g).
5
Suppose j - 10 = -4*a, 0 = -3*j - 7*a + 6*a + 8. Let p(s) = -1 - 3*s + 4*s**3 - 5*s**3 - s + 4 + 3*s**2. What is p(j)?
-1
Let d(j) = 3*j - 2. Let t = -221 + 224. What is d(t)?
7
Let h(z) be the second derivative of z**5/20 - z**4/4 + z**3/6 - 2*z**2 - 137*z. Give h(3).
-1
Let p(f) = 2*f**2 - 2*f - 2. Suppose 0 = -5*h + 3*c - 24, h + 18*c + 9 = 20*c. Determine p(h).
22
Let u(p) = 4*p - 5*p + 1 + 2*p. Let i = 400 - 397. Calculate u(i).
4
Let u(t) = -6*t + 4*t**2 - 24 - 29 - 3*t**2 + 36. Determine u(9).
10
Let h(n) = -n**3 - 10*n**2 + 5*n + 13. Let l(k) = 3*k**3 + 31*k**2 - 15*k - 40. Let y(p) = -7*h(p) - 2*l(p). What is y(-8)?
29
Let b(p) = -p**3 + 13*p**2 - 11*p - 8. Let n be b(12). Let u be -1 + -8 - (-12)/n. Let s(h) = -4*h - 7. What is s(u)?
17
Let f(v) = 9*v**3 + v**2 - 6*v - 5. Let b(y) = 9*y**3 + y**2 - 5*y - 4. Suppose j - 16 = -11. Let p(i) = j*b(i) - 4*f(i). Give p(1).
9
Suppose 8*c - 55 + 39 = 0. Let w be ((-54)/63)/(c/14). Let k(f) = 4 - f - 2*f + 2*f. Determine k(w).
10
Let l(p) = -15*p**3 - 3*p**2 - p. Let c be l(-1). Suppose -4*z = -3*a - 38, -2*a - c = a + z. Let k(w) = w**3 + 7*w**2 + 9*w + 4. What is k(a)?
-14
Let g(i) be the first derivative of 7/2*i**2 - 3*i - 28. Give g(4).
25
Let o(y) = -17*y**3 - 31*y**2 - 10*y + 25. Let p(n) = -3*n**3 - 6*n**2 - 2*n + 5. Let q(m) = -2*o(m) + 11*p(m). Give q(4).
-3
Let k(u) = -6*u + 3. Suppose 0 = b + 4*i + 17, 0*i - 4*i - 42 = 2*b. Let a = 29 + b. What is k(a)?
-21
Suppose 15 = 4*n - 4*b - 29, -6 = -2*n - 2*b. Let w(i) = -i + 14. What is w(n)?
7
Let y(n) = -n**3 - 4*n**2 + 4*n - 10. Let u(b) = 5*b**3 + 19*b**2 - 19*b + 52. Let l(q) = 2*u(q) + 11*y(q). Calculate l(-7).
1
Let c(y) = 1 + 6*y - 2*y - 11*y + 8*y. Determine c(-3).
-2
Let h(i) = i**3 + 4*i**2 + 2*i - 3. Let q = 47 - 43. Let v = q - 7. What is h(v)?
0
Let y be 2/(-3)*6*1 + 4. Let r(z) = z**2 - z + 7. Calculate r(y).
7
Let g(r) = r**2 - r - 1. Let y(b) = 7*b**2 - 5*b - 6. Let w(z) = -6*g(z) + y(z). Suppose -3*o + 5 = o + 3*v, -3*v - 13 = -5*o. Suppose -3*a + 1 = -o. Give w(a).
2
Suppose -28*z = 161 + 7. Let y(s) = 3*s**2 + 17*s - 7. Calculate y(z).
-1
Let i(s) = 182*s**2 + 2*s + 1 - s**3 + 0*s - 182*s**2. Calculate i(2).
-3
Let z(t) be the third derivative of 0*t + 1/120*t**5 + t**2 - 1/8*t**4 + 0 - 2/3*t**3. Let p(c) be the first derivative of z(c). Give p(-6).
-9
Suppose -1 - 3 = -k + 2*n, 31 = 5*k + n. Let z(c) be the second derivative of -c**4/12 + 7*c**3/6 - 7*c**2/2 + 17*c - 4. Calculate z(k).
-1
Let c(t) = -t**3 - 5*t**2 + 6*t + 1. Let k = 1735 - 1741. What is c(k)?
1
Let k be (-1*14/(-4))/((-4)/(-8)). Let i(z) = z**2 - 6*z - 9. Determine i(k).
-2
Suppose 3*i + 7 = 2*i - d, -i - 7 = 2*d. Let w(h) be the second derivative of -h**3/6 - 9*h**2/2 + 2241*h. Calculate w(i).
-2
Suppose 15 = 5*h - 5. Let q(w) = 4*w**3 - 5*w**2 + 4*w + 3. Let c(a) = 7*a**3 - 10*a**2 + 7*a + 6. Let d(m) = -3*c(m) + 5*q(m). Determine d(h).
9
Let f(m) = m + 13. Let w(q) = 2*q + 21. Let d(x) = 5*f(x) - 3*w(x). What is d(0)?
2
Let w(p) = p**3 - 3*p**2 + p + 4. Let m be w(3). Let y(n) = n**2 - 8*n - 4. What is y(m)?
-11
Suppose 10 + 10 = 4*b. Suppose b*t + 0*t = 0. Let c(q) = -q - 1. Let p(a) = 4*a + 6. Let n(w) = 5*c(w) + p(w). What is n(t)?
1
Let p(j) be the first derivative of j**3/3 + 5*j**2/2 - 52. Let s(k) = k**3 - 3*k**2 - 2*k. Let d be s(3). Determine p(d).
6
Let o(t) = -5*t + 1. Let r(p) = 6*p. Let n(q) = 5*o(q) + 4*r(q). Let y be n(3). Let z(s) = -3*s + 4*s - 3*s**2 + y - 3 - 2*s. Determine z(-1).
-3
Let q(a) = 2*a**2 - 5*a - 3. Let n be q(4). Let u(j) = j**2 + 11 + 10*j - 4*j - n. Determine u(-4).
-6
Let d(z) = z**2 - 2. Let i be d(-2). Suppose 5*f + 2*x = 113, i*f + 3*x + 3 - 46 = 0. Let m = f + -20. Let l(c) = -2*c**2 + 4*c - 3. Determine l(m).
-9
Let a(b) = -3*b - 24. Let v be 3/4 - (-93)/(-12). What is a(v)?
-3
Let z(i) be the third derivative of -i**6/120 - i**5/12 - 3*i**4/8 - 7*i**3/6 - 17*i**2. Let g be z(-3). Let a(w) = -4*w**3 + 2*w**2 + w - 1. Calculate a(g).
-23
Let r = 5 + 12. Suppose o = -3*u + 2*u + 5, 0 = 3*o - 5*u + r. Let s be (2 + 3 + -2)/o. Let n(k) = -k + 6. Determine n(s).
3
Let s(v) = -v**3 + 4*v**2 - 3*v. Suppose 0 = -11*u + 226 - 193. Determine s(u).
0
Suppose 31*n = 26*n - 40. Let x(z) = z + 10. Give x(n).
2
Let m(f) = 3*f**2 - 8*f + 3. Let o(z) = z**2 - z. Let a(p) = -m(p) + 4*o(p). Calculate a(-4).
-3
Suppose 0*x + 2*x + 10 = 0, 5*w + 3*x = -70. Let z(y) = -y - 7. Let o be z(w). Let g(b) = -b**3 + 5*b**2 - 7*b + 5. Calculate g(o).
-7
Let t = -345 + 345. Let o(v) be the third derivative of t + 1/120*v**6 + 1/12*v**5 + 1/6*v**4 + 5*v**2 + 0*v + 1/2*v**3. Calculate o(-4).
3
Let w(y) be the second derivative of -4/3*y**3 - 5/2*y**2 - 1/12*y**4 - 3*y + 